{"id":69,"date":"2024-07-07T16:15:40","date_gmt":"2024-07-07T14:15:40","guid":{"rendered":"https:\/\/indataclub.com\/?page_id=69"},"modified":"2024-07-07T16:23:20","modified_gmt":"2024-07-07T14:23:20","slug":"a-propos-de-moi","status":"publish","type":"page","link":"https:\/\/indataclub.com\/index.php\/a-propos-de-moi\/","title":{"rendered":"A propos de moi"},"content":{"rendered":"\n<p><\/p>\n\n\n\n<p>Alex Chauvin, Lead Data Scientist. Avec un doctorat en physique des particules et une riche exp\u00e9rience internationale, je dirige actuellement une \u00e9quipe de data scientists dans le secteur de la finance. En parall\u00e8le, je m\u00e8ne des analyses multi-omiques en bio-informatique, combinant diverses disciplines pour des avanc\u00e9es significatives dans la recherche scientifique.<\/p>\n\n\n\n<p>Je me sp\u00e9cialise \u00e9galement dans la r\u00e9alisation de missions de data science, avec une capacit\u00e9 particuli\u00e8re \u00e0 mener \u00e0 bien des projets de mani\u00e8re rapide et efficace. Cette aptitude me permet de r\u00e9pondre aux besoins urgents de mes clients tout en garantissant des r\u00e9sultats de haute qualit\u00e9. En parall\u00e8le, je travaille sur des analyses multi-omiques en bio-informatique, combinant g\u00e9nomique, transcriptomique, prot\u00e9omique et m\u00e9tabolomique pour des avanc\u00e9es significatives dans la recherche biom\u00e9dicale.<\/p>\n\n\n\n<p><\/p>\n\n\n\n<h3 class=\"wp-block-heading\">Exp\u00e9rience Professionnelle<\/h3>\n\n\n\n<ul class=\"wp-block-list\">\n<li><strong>Senior ML Engineer<\/strong>\n<ul class=\"wp-block-list\">\n<li>D\u00e9veloppement de mod\u00e8les de scoring entreprise pour l&#8217;octroi <\/li>\n<\/ul>\n<\/li>\n\n\n\n<li><strong>Lead Data Scientist<\/strong>\n<ul class=\"wp-block-list\">\n<li>Responsable du p\u00f4le data science et d\u00e9veloppement de techniques de machine learning pour l&#8217;analyse des comportements de paiement, et scoring d&#8217;entreprises<\/li>\n<\/ul>\n<\/li>\n\n\n\n<li><strong>Assistant de recherche<\/strong>\n<ul class=\"wp-block-list\">\n<li>\u00c9tude du plasma quark gluon avec des paires di\u00e9lectrons et techniques de machine learning<\/li>\n<\/ul>\n<\/li>\n<\/ul>\n\n\n\n<h3 class=\"wp-block-heading\">Formation Acad\u00e9mique<\/h3>\n\n\n\n<ul class=\"wp-block-list\">\n<li><strong>Doctorat en Physique des Particules<\/strong><\/li>\n\n\n\n<li><strong>Master en Physique Subatomique et Astroparticules<\/strong>\n<ul class=\"wp-block-list\"><\/ul>\n<\/li>\n\n\n\n<li><strong>Licence en Physique Fondamentale<\/strong>\n<ul class=\"wp-block-list\"><\/ul>\n<\/li>\n<\/ul>\n\n\n\n<p><strong>Mes Comp\u00e9tences<\/strong><\/p>\n\n\n\n<h3 class=\"wp-block-heading\">Comp\u00e9tences Techniques<\/h3>\n\n\n\n<ul class=\"wp-block-list\">\n<li><strong>Langages de programmation<\/strong> : Python, R, C++, Bash<\/li>\n\n\n\n<li><strong>Outils et frameworks<\/strong> : Scikit Learn, Keras, TensorFlow, PyTorch, FastAPI, Flask, Scrapy, Pyspark<\/li>\n\n\n\n<li><strong>Bases de donn\u00e9es<\/strong> : MySQL, NoSQL (MongoDB, ElasticSearch), Redis<\/li>\n\n\n\n<li><strong>Cloud Computing<\/strong> : AWS, Azure, CERN grid<\/li>\n<\/ul>\n\n\n\n<h3 class=\"wp-block-heading\">Comp\u00e9tences Non Techniques<\/h3>\n\n\n\n<ul class=\"wp-block-list\">\n<li><strong>Analyse de Big Data<\/strong><\/li>\n\n\n\n<li><strong>Gestion de projets<\/strong><\/li>\n\n\n\n<li><strong>Enseignement et vulgarisation scientifique<\/strong><\/li>\n\n\n\n<li><strong>Communication et pr\u00e9sentation publique<\/strong><\/li>\n<\/ul>\n\n\n\n<p><strong>Projets et R\u00e9alisations<\/strong><\/p>\n\n\n\n<h3 class=\"wp-block-heading\">Projets Marquants<\/h3>\n\n\n\n<ul class=\"wp-block-list\">\n<li><strong>Cartographie des risques financiers<\/strong><\/li>\n\n\n\n<li><strong>D\u00e9tection d&#8217;anomalies comptables<\/strong><\/li>\n\n\n\n<li><strong>Scoring financier<\/strong><\/li>\n\n\n\n<li><strong>D\u00e9veloppement d&#8217;APIs<\/strong><\/li>\n<\/ul>\n\n\n\n<h3 class=\"wp-block-heading\">Analyses Multi-omiques<\/h3>\n\n\n\n<p>Je m\u00e8ne \u00e9galement des <strong>analyses multi-omiques<\/strong> en bio-informatique, explorant les donn\u00e9es issues de la g\u00e9nomique, transcriptomique, prot\u00e9omique et m\u00e9tabolomique pour des avanc\u00e9es dans la recherche biom\u00e9dicale. Ces travaux permettent une compr\u00e9hension approfondie des m\u00e9canismes biologiques et la d\u00e9couverte de nouveaux traitements m\u00e9dicaux.<\/p>\n\n\n\n<h3 class=\"wp-block-heading\">Publications et Pr\u00e9sentations<\/h3>\n\n\n\n<ul class=\"wp-block-list\">\n<li><strong>Energy dependence of \u03d5meson production<\/strong> in pp collisions at the LHC, ALICE Collaboration.<\/li>\n\n\n\n<li><strong>Dielectron and heavy-quark production<\/strong> in inelastic proton\u2013proton collisions, ALICE Collaboration.<\/li>\n<\/ul>\n\n\n\n<p><strong>Activit\u00e9s et Int\u00e9r\u00eats<\/strong><\/p>\n\n\n\n<h3 class=\"wp-block-heading\">Vulgarisation Scientifique<\/h3>\n\n\n\n<ul class=\"wp-block-list\">\n<li>Vainqueur du prix publique Famelab, ma th\u00e8se en 180s (Italien)<\/li>\n\n\n\n<li>Pr\u00e9sentation au public et participation \u00e0 des \u00e9v\u00e9nements comme Sa ManiFest et Notte Europea dei Ricercatori.<\/li>\n<\/ul>\n\n\n\n<figure class=\"wp-block-embed is-type-video is-provider-youtube wp-block-embed-youtube wp-embed-aspect-16-9 wp-has-aspect-ratio\"><div class=\"wp-block-embed__wrapper\">\n<iframe loading=\"lazy\" title=\"Alex Chauvin   Preselezione Cagliari 2020\" width=\"1170\" height=\"658\" src=\"https:\/\/www.youtube.com\/embed\/CsvhSbTHMaw?start=3&#038;feature=oembed\" frameborder=\"0\" allow=\"accelerometer; autoplay; clipboard-write; encrypted-media; gyroscope; picture-in-picture; web-share\" referrerpolicy=\"strict-origin-when-cross-origin\" allowfullscreen><\/iframe>\n<\/div><\/figure>\n\n\n\n<h3 class=\"wp-block-heading\">B\u00e9n\u00e9volat<\/h3>\n\n\n\n<ul class=\"wp-block-list\">\n<li><strong>Ligue contre le cancer<\/strong> : Analyses pour des \u00e9tudes de traitements contre le cancer du pancr\u00e9as.<\/li>\n\n\n\n<li><strong>Soutien scolaire<\/strong> : Aide aux devoirs pour \u00e9l\u00e8ves du coll\u00e8ge \u00e0 l&#8217;Universit\u00e9<\/li>\n<\/ul>\n\n\n\n<h3 class=\"wp-block-heading\">Int\u00e9r\u00eats Personnels<\/h3>\n\n\n\n<ul class=\"wp-block-list\">\n<li>\u00c9tudes de bio-informatiques, principalement multi-omiques<\/li>\n\n\n\n<li>Participation \u00e0 des clubs de lecture sur les LLMs et architectures de transformers.<\/li>\n<\/ul>\n","protected":false},"excerpt":{"rendered":"<p>Alex Chauvin, Lead Data Scientist. Avec un doctorat en physique des particules et une riche exp\u00e9rience internationale, je dirige actuellement une \u00e9quipe de data scientists dans le secteur de la finance. En parall\u00e8le, je m\u00e8ne des analyses multi-omiques en bio-informatique, combinant diverses disciplines pour des avanc\u00e9es significatives dans la recherche scientifique. Je me sp\u00e9cialise \u00e9galement [&hellip;]<\/p>\n","protected":false},"author":1,"featured_media":0,"parent":0,"menu_order":0,"comment_status":"closed","ping_status":"closed","template":"","meta":{"footnotes":""},"class_list":["post-69","page","type-page","status-publish","hentry"],"yoast_head":"<!-- This site is optimized with the Yoast SEO plugin v24.3 - https:\/\/yoast.com\/wordpress\/plugins\/seo\/ -->\n<title>A propos de moi - InDataClub<\/title>\n<meta name=\"robots\" content=\"index, follow, max-snippet:-1, max-image-preview:large, max-video-preview:-1\" \/>\n<link rel=\"canonical\" href=\"https:\/\/indataclub.com\/index.php\/a-propos-de-moi\/\" \/>\n<meta property=\"og:locale\" content=\"en_US\" \/>\n<meta property=\"og:type\" content=\"article\" \/>\n<meta property=\"og:title\" content=\"A propos de moi - InDataClub\" \/>\n<meta property=\"og:description\" content=\"Alex Chauvin, Lead Data Scientist. Avec un doctorat en physique des particules et une riche exp\u00e9rience internationale, je dirige actuellement une \u00e9quipe de data scientists dans le secteur de la finance. En parall\u00e8le, je m\u00e8ne des analyses multi-omiques en bio-informatique, combinant diverses disciplines pour des avanc\u00e9es significatives dans la recherche scientifique. Je me sp\u00e9cialise \u00e9galement [&hellip;]\" \/>\n<meta property=\"og:url\" content=\"https:\/\/indataclub.com\/index.php\/a-propos-de-moi\/\" \/>\n<meta property=\"og:site_name\" content=\"InDataClub\" \/>\n<meta property=\"article:modified_time\" content=\"2024-07-07T14:23:20+00:00\" \/>\n<meta name=\"twitter:card\" content=\"summary_large_image\" \/>\n<meta name=\"twitter:label1\" content=\"Est. reading time\" \/>\n\t<meta name=\"twitter:data1\" content=\"2 minutes\" \/>\n<script type=\"application\/ld+json\" class=\"yoast-schema-graph\">{\"@context\":\"https:\/\/schema.org\",\"@graph\":[{\"@type\":\"WebPage\",\"@id\":\"https:\/\/indataclub.com\/index.php\/a-propos-de-moi\/\",\"url\":\"https:\/\/indataclub.com\/index.php\/a-propos-de-moi\/\",\"name\":\"A propos de moi - InDataClub\",\"isPartOf\":{\"@id\":\"https:\/\/indataclub.com\/#website\"},\"datePublished\":\"2024-07-07T14:15:40+00:00\",\"dateModified\":\"2024-07-07T14:23:20+00:00\",\"breadcrumb\":{\"@id\":\"https:\/\/indataclub.com\/index.php\/a-propos-de-moi\/#breadcrumb\"},\"inLanguage\":\"en-US\",\"potentialAction\":[{\"@type\":\"ReadAction\",\"target\":[\"https:\/\/indataclub.com\/index.php\/a-propos-de-moi\/\"]}]},{\"@type\":\"BreadcrumbList\",\"@id\":\"https:\/\/indataclub.com\/index.php\/a-propos-de-moi\/#breadcrumb\",\"itemListElement\":[{\"@type\":\"ListItem\",\"position\":1,\"name\":\"Accueil\",\"item\":\"https:\/\/indataclub.com\/\"},{\"@type\":\"ListItem\",\"position\":2,\"name\":\"A propos de moi\"}]},{\"@type\":\"WebSite\",\"@id\":\"https:\/\/indataclub.com\/#website\",\"url\":\"https:\/\/indataclub.com\/\",\"name\":\"InDataClub\",\"description\":\"\",\"publisher\":{\"@id\":\"https:\/\/indataclub.com\/#organization\"},\"potentialAction\":[{\"@type\":\"SearchAction\",\"target\":{\"@type\":\"EntryPoint\",\"urlTemplate\":\"https:\/\/indataclub.com\/?s={search_term_string}\"},\"query-input\":{\"@type\":\"PropertyValueSpecification\",\"valueRequired\":true,\"valueName\":\"search_term_string\"}}],\"inLanguage\":\"en-US\"},{\"@type\":\"Organization\",\"@id\":\"https:\/\/indataclub.com\/#organization\",\"name\":\"InDataClub\",\"url\":\"https:\/\/indataclub.com\/\",\"logo\":{\"@type\":\"ImageObject\",\"inLanguage\":\"en-US\",\"@id\":\"https:\/\/indataclub.com\/#\/schema\/logo\/image\/\",\"url\":\"https:\/\/indataclub.com\/wp-content\/uploads\/2024\/06\/cropped-logo1.webp\",\"contentUrl\":\"https:\/\/indataclub.com\/wp-content\/uploads\/2024\/06\/cropped-logo1.webp\",\"width\":759,\"height\":787,\"caption\":\"InDataClub\"},\"image\":{\"@id\":\"https:\/\/indataclub.com\/#\/schema\/logo\/image\/\"}}]}<\/script>\n<!-- \/ Yoast SEO plugin. -->","yoast_head_json":{"title":"A propos de moi - InDataClub","robots":{"index":"index","follow":"follow","max-snippet":"max-snippet:-1","max-image-preview":"max-image-preview:large","max-video-preview":"max-video-preview:-1"},"canonical":"https:\/\/indataclub.com\/index.php\/a-propos-de-moi\/","og_locale":"en_US","og_type":"article","og_title":"A propos de moi - InDataClub","og_description":"Alex Chauvin, Lead Data Scientist. Avec un doctorat en physique des particules et une riche exp\u00e9rience internationale, je dirige actuellement une \u00e9quipe de data scientists dans le secteur de la finance. En parall\u00e8le, je m\u00e8ne des analyses multi-omiques en bio-informatique, combinant diverses disciplines pour des avanc\u00e9es significatives dans la recherche scientifique. Je me sp\u00e9cialise \u00e9galement [&hellip;]","og_url":"https:\/\/indataclub.com\/index.php\/a-propos-de-moi\/","og_site_name":"InDataClub","article_modified_time":"2024-07-07T14:23:20+00:00","twitter_card":"summary_large_image","twitter_misc":{"Est. reading time":"2 minutes"},"schema":{"@context":"https:\/\/schema.org","@graph":[{"@type":"WebPage","@id":"https:\/\/indataclub.com\/index.php\/a-propos-de-moi\/","url":"https:\/\/indataclub.com\/index.php\/a-propos-de-moi\/","name":"A propos de moi - InDataClub","isPartOf":{"@id":"https:\/\/indataclub.com\/#website"},"datePublished":"2024-07-07T14:15:40+00:00","dateModified":"2024-07-07T14:23:20+00:00","breadcrumb":{"@id":"https:\/\/indataclub.com\/index.php\/a-propos-de-moi\/#breadcrumb"},"inLanguage":"en-US","potentialAction":[{"@type":"ReadAction","target":["https:\/\/indataclub.com\/index.php\/a-propos-de-moi\/"]}]},{"@type":"BreadcrumbList","@id":"https:\/\/indataclub.com\/index.php\/a-propos-de-moi\/#breadcrumb","itemListElement":[{"@type":"ListItem","position":1,"name":"Accueil","item":"https:\/\/indataclub.com\/"},{"@type":"ListItem","position":2,"name":"A propos de moi"}]},{"@type":"WebSite","@id":"https:\/\/indataclub.com\/#website","url":"https:\/\/indataclub.com\/","name":"InDataClub","description":"","publisher":{"@id":"https:\/\/indataclub.com\/#organization"},"potentialAction":[{"@type":"SearchAction","target":{"@type":"EntryPoint","urlTemplate":"https:\/\/indataclub.com\/?s={search_term_string}"},"query-input":{"@type":"PropertyValueSpecification","valueRequired":true,"valueName":"search_term_string"}}],"inLanguage":"en-US"},{"@type":"Organization","@id":"https:\/\/indataclub.com\/#organization","name":"InDataClub","url":"https:\/\/indataclub.com\/","logo":{"@type":"ImageObject","inLanguage":"en-US","@id":"https:\/\/indataclub.com\/#\/schema\/logo\/image\/","url":"https:\/\/indataclub.com\/wp-content\/uploads\/2024\/06\/cropped-logo1.webp","contentUrl":"https:\/\/indataclub.com\/wp-content\/uploads\/2024\/06\/cropped-logo1.webp","width":759,"height":787,"caption":"InDataClub"},"image":{"@id":"https:\/\/indataclub.com\/#\/schema\/logo\/image\/"}}]}},"_links":{"self":[{"href":"https:\/\/indataclub.com\/index.php\/wp-json\/wp\/v2\/pages\/69","targetHints":{"allow":["GET"]}}],"collection":[{"href":"https:\/\/indataclub.com\/index.php\/wp-json\/wp\/v2\/pages"}],"about":[{"href":"https:\/\/indataclub.com\/index.php\/wp-json\/wp\/v2\/types\/page"}],"author":[{"embeddable":true,"href":"https:\/\/indataclub.com\/index.php\/wp-json\/wp\/v2\/users\/1"}],"replies":[{"embeddable":true,"href":"https:\/\/indataclub.com\/index.php\/wp-json\/wp\/v2\/comments?post=69"}],"version-history":[{"count":2,"href":"https:\/\/indataclub.com\/index.php\/wp-json\/wp\/v2\/pages\/69\/revisions"}],"predecessor-version":[{"id":73,"href":"https:\/\/indataclub.com\/index.php\/wp-json\/wp\/v2\/pages\/69\/revisions\/73"}],"wp:attachment":[{"href":"https:\/\/indataclub.com\/index.php\/wp-json\/wp\/v2\/media?parent=69"}],"curies":[{"name":"wp","href":"https:\/\/api.w.org\/{rel}","templated":true}]}}